m(11)?
4
Let s(n) = 8*n**2 + n - 7*n - 7*n + 6 + 11*n. What is the hundreds digit of s(-5)?
2
Let a(m) = 2*m + 1. Let n be a(3). Suppose 4*f = n*f - 6. Suppose -f*x + 14 = -6. What is the tens digit of x?
1
Let z(t) = -18*t**3 - 21*t**2 - 6*t - 5. What is the tens digit of z(-6)?
6
Let k(p) = -24*p + 157. Let z(t) = 16*t - 105. Let m(u) = -5*k(u) - 8*z(u). What is the units digit of m(-11)?
3
Let w be -1*(-2 - -3)*-47. Let n = 139 - w. What is the units digit of n?
2
Let n be (-9)/12 + (-18)/8. Let z be (-25)/(-4) + n/(-4). Suppose -5*g = -122 + z. What is the tens digit of g?
2
Suppose -4*w + 28 = 3*w. Suppose -w*t + 34 = 10. What is the units digit of t?
6
Let k = 224 + -116. Suppose 4*c = -8 + k. What is the units digit of c?
5
Suppose -6*k - 157 = 149. Let b = -34 - k. What is the tens digit of b?
1
Suppose -985 = -3*v + 404. Let h = v + -326. What is the hundreds digit of h?
1
Let t(p) = p**3 + p**2 - 1. Let c = 2 - -4. Let j(i) = -70*i**3 - 6*i**2 + 2*i + 7. Let r(s) = c*t(s) + j(s). What is the tens digit of r(-1)?
6
Let b = -34 - -10. Let w = b + 26. Suppose 0 = 4*i - 8, 166 = 5*m - w*i - 0*i. What is the units digit of m?
4
Suppose -3*m = -2*b - 2*m - 1, m - 1 = 0. Suppose b = -3*i + 2*i, -2*i + 610 = 5*x. What is the units digit of x?
2
Let c be (2/4)/((-10)/(-4) - 3). What is the units digit of 284*-3*c/12?
1
Let x(p) = -p + 9. Let s be x(6). Suppose -s*y + 2*u + 2*u = -187, -2*y + 98 = 4*u. What is the units digit of y?
7
Let s(y) = 4*y**3 - 3*y**2 - 2*y + 9. Let z be s(2). What is the units digit of 20/z - (-4104)/20?
6
Suppose 0 = 2*m - 7*m - 25. What is the units digit of (-1 + m)*(-42)/12?
1
Let a = -604 + 912. What is the tens digit of a?
0
Let m(z) = 2*z**2 - 2. Let u be m(-6). Let v = u + -31. What is the tens digit of v?
3
Let g be 68/(14/(-28) + 0 + 0). Let d = g - -297. What is the units digit of d?
1
Suppose 9*f - 1024 = 74. Suppose 0 = 3*j - f - 7. What is the units digit of j?
3
Let c = 338 + -187. Let i = c - 71. What is the tens digit of i?
8
Suppose -20 = -0*k + 2*k. Let y = -15 - k. What is the tens digit of 4/2 + (-105)/y?
2
Suppose -u - 20 = -5*d, -d - 2 + 6 = -4*u. Let r(n) = n**2 - n - 3. Let s be r(u). What is the tens digit of (-54)/(-30)*(-25)/s?
1
Let x = -9 - -11. Suppose -4*u + 288 = x*u. What is the tens digit of u?
4
Suppose -n - v - 73 = -0*n, -229 = 3*n - 2*v. Let d = 135 + n. What is the units digit of d?
0
Let n(d) be the third derivative of d**5/60 + d**4/4 - 2*d**3/3 + d**2. Suppose 0 = -2*r + 10. What is the tens digit of n(r)?
5
What is the tens digit of -30*8/((-192)/2580)?
2
Suppose -12*w + 319 = -1997. What is the tens digit of -1 - -1 - (-23 - w)?
1
What is the tens digit of (2236/2)/(32/16)?
5
Let k(x) = x**3 + 12*x**2 + 5*x - 16. Let l = 37 - 48. What is the tens digit of k(l)?
5
Let c(q) = 75*q**2 + 138*q + 864. What is the thousands digit of c(-6)?
2
Suppose 2*c - 2*w = 6*c - 8166, -5*c + 10212 = w. What is the thousands digit of c?
2
Let m = -288 - -548. Let z = m - 99. What is the tens digit of z?
6
Suppose 23*r + 322 = 25*r. Let b = r - 89. What is the units digit of b?
2
What is the units digit of (58/4)/(12/288)?
8
Suppose -3*x + 81 = -183. Let u = x + -75. What is the units digit of u?
3
Suppose -3*y + 2*d = -6442, 151 = 3*d + 166. What is the thousands digit of y?
2
Suppose -p = 5, -2*b - 5*p - 976 = -3*b. What is the units digit of b?
1
Let l = 0 - -106. Suppose -3*z + x = -l - 61, -1 = -x. Let y = z + -35. What is the units digit of y?
1
Let i(z) = 3*z**3 - 2*z**2 - 6*z - 5. Let c be i(4). Let m = c + 30. What is the tens digit of m?
6
Let f(z) = 3*z + 5. Let n be f(-2). Let r = 13 - n. Suppose -r = 5*w - 359. What is the units digit of w?
9
Suppose -u - 6*u + 5138 = 0. Let c = u + -464. Suppose n - c = -5*y, 5*y + 3*n = 5*n + 285. What is the tens digit of y?
5
Suppose 14*a = 18*a - 8. What is the tens digit of (-54)/(4 + -6) + 1 + a?
3
What is the hundreds digit of 46 - 45 - (0 - 391)?
3
Suppose 2*k - 2862 = 2*x, 0 = 3*x + 3. What is the hundreds digit of k?
4
Let x(d) be the second derivative of d**4/12 - 7*d**3/3 + 19*d**2/2 + 2*d. Let z be -2 + (-45)/(-9) - -10. What is the units digit of x(z)?
6
Let n(a) = a - 3. Let x(o) = -3*o + 7. Let t(p) = -5*n(p) - 2*x(p). Let s(i) = 39*i + 3. Let u(y) = -s(y) + 2*t(y). What is the units digit of u(-1)?
6
Let u = 22 + -137. Let c = -59 - u. What is the tens digit of c?
5
Let u(k) = -k**3 + 2*k**2 + 6*k + 5. Let r be u(6). Let b be -1 - 0 - -3 - r. Suppose i - b = -2*i. What is the tens digit of i?
3
Let l be 1/(-3 - (-174)/57). Let i = -13 + l. Suppose 10 = z - i. What is the units digit of z?
6
Let z = 107 - 88. Let d = z - -5. What is the tens digit of d?
2
Let i = -60 + 84. What is the units digit of 3580/i - 4/48*2?
9
Let l(s) = 65*s**2 - 10*s + 26. What is the units digit of l(7)?
1
Suppose 7 = 3*l - 146. What is the units digit of l?
1
Suppose 0 = p + p - d - 637, -1575 = -5*p - d. Let f = p + -109. Suppose f = 4*g - u, 0 = g - 2*u - 40 - 3. What is the tens digit of g?
5
Suppose 2*q - 2*t = 1 + 1, 5*t = 10. Suppose -3*z - c - 4 = -17, 0 = q*z + 3*c - 15. What is the units digit of z?
4
Let m = -103 - -131. What is the units digit of (-11)/((m/20)/(-7))?
5
What is the units digit of (-13)/(4 - (9 + -4))?
3
Suppose 45*b - 39*b - 3096 = 0. What is the units digit of b?
6
Suppose 4*r + 5*t - 425 = 0, -5*r + 0*t + 520 = 4*t. What is the tens digit of r?
0
Let b(g) be the third derivative of g**6/20 - g**5/60 + g**4/12 + g**3/6 + 13*g**2. What is the units digit of b(3)?
0
Suppose -x + 4*h = 2*h - 67, -5*h + 88 = x. Let o = 121 - x. What is the units digit of o?
8
Suppose 0 = 2*l + u - 321, l - 2*u + 4*u = 156. What is the hundreds digit of l?
1
Suppose 0 = 9*d - 7*d - 5*a - 2179, 0 = -2*a - 2. What is the tens digit of d?
8
Let r(d) = 24*d**2 - 4*d - 8. Suppose -25*f + 19*f - 18 = 0. What is the hundreds digit of r(f)?
2
Let k(i) = -i - 2. Let p(s) = s + 14. Let j be p(-10). Let a be (-575)/65 + j/(-26). What is the units digit of k(a)?
7
Suppose 0*l = -i + 5*l + 181, -322 = -2*i + 2*l. What is the tens digit of i?
5
Suppose -t + 0*t = 4*o - 27, -4*t + 68 = -4*o. What is the units digit of t?
9
Suppose -3*m - 1147 = -2*n + 2601, 4*m - 9347 = -5*n. What is the thousands digit of n?
1
Let h be ((-12)/2)/((-24)/(-464)). Let i be h/(-6) - 9/27. Let y = -17 + i. What is the units digit of y?
2
Let f(b) = 3*b**2 + 7*b - 20. What is the tens digit of f(6)?
3
Let i(y) be the third derivative of -y**7/840 - 7*y**6/720 + y**5/12 + 2*y**2. Let p(a) be the third derivative of i(a). What is the tens digit of p(-5)?
2
Suppose -2*k - 2*k + 3248 = 0. What is the hundreds digit of k?
8
Suppose -2*j - 458 - 215 = -o, o + 679 = -2*j. Let s = j - -514. What is the units digit of s?
6
Let h(v) be the first derivative of v**2 + 24*v - 13. What is the tens digit of h(-5)?
1
Let o(b) = -5*b**2 + 5*b + 4. Let v be o(3). Let i = v - -59. What is the units digit of i?
3
Suppose -2*r + 3*b - 95 = -697, -5*b = 3*r - 884. What is the hundreds digit of r?
2
What is the tens digit of 5122/591*1*(-93)/(-2)?
0
Let i = -405 + 2092. What is the thousands digit of i?
1
Suppose 0 = t - 0*t. Suppose 9*c - 5*c - 28 = t. What is the units digit of c?
7
Suppose 8*o - 2*o - 90 = 0. What is the hundreds digit of (o/(-5) - 191)*-1?
1
Suppose y - 470 = -3*p, -5*y + 39*p - 43*p + 2350 = 0. What is the units digit of y?
0
Let m(d) = -24*d - 285. What is the units digit of m(-65)?
5
Let b be 70 + 0 + (5 - 4). Suppose 6*x - b = 127. What is the units digit of x?
3
Let v(w) = -15*w**2 + 357*w + 6. What is the tens digit of v(21)?
8
Let b be (-6)/9 - (-48)/(-9). Let y(r) = -13*r + 2. Let i be y(b). Suppose -q + i = 10. What is the units digit of q?
0
Suppose -y + 4*n = -4*y + 2933, 5*n = 3*y - 2888. Suppose -y - 1717 = -14*k. What is the tens digit of k?
9
Let r = 111 + -66. Suppose -2*u = -v + 2*u + r, -4*v + 2*u + 236 = 0. What is the tens digit of v?
6
Let k be 1 - ((-4)/4 - 0). Suppose -4*n - t + k = 0, n + 5*t - 10 = -n. Let q(z) = z**3 - z**2 + 22. What is the tens digit of q(n)?
2
Let n(o) = o**2 + 9*o + 20. Let i be n(-6). Suppose 5*c - 3*w - 18 = -0, 5*w = -i*c + 1. What is the units digit of c?
3
Suppose -7*z + j = -2*z - 2361, 0 = 3*z - j - 1415. What is the tens dig